 -38. What is the remainder when s is divided by 20?
18
Let n be 3/(-12) - 37/(-4). Let g = n + -7. Suppose 4*d = 4*j + 164, 4*d + g*j - j - 164 = 0. What is the remainder when d is divided by 11?
8
Let j(m) = 5*m. Calculate the remainder when (16/(-3) - -5)/((-2)/42) is divided by j(1).
2
Suppose 0 = 3*s - 2*w - 59 - 262, 3*s - 321 = 4*w. What is the remainder when s is divided by 27?
26
Let s be 1/3 - 2/6. Let k(f) = -3*f**3 + 3*f**2 + 5*f - 3. Let v be k(-3). Suppose s = 7*x - 2*x - v. Calculate the remainder when x is divided by 10.
8
Let l(y) = -3*y + 4. Let s = 4 + -11. Let q be l(s). Suppose -4*k + 9*k = v + 55, -5*k + q = 5*v. Calculate the remainder when 17 is divided by k.
7
Calculate the remainder when 107 is divided by 14 - 3*10/15.
11
Let v(h) = h**2 - 3*h - 22. Calculate the remainder when v(7) is divided by 4.
2
Suppose 5 = q - 11. Let y = 42 - q. Suppose 22 + y = 4*t. What is the remainder when 45 is divided by t?
9
Suppose 5*b - 45 = f + 152, 0 = -5*b - 3*f + 209. Suppose -5*v - 40 = -110. What is the remainder when b is divided by v?
12
Let a(o) = o**2 - 4*o + 3. Let r be a(5). Calculate the remainder when (6/r)/(3/60) is divided by 6.
3
Let w = -7 - -23. Suppose -5*t = 4*h - 12, -2*t - 12 = 2*h - 6*h. Suppose -28 = h*n - 115. What is the remainder when n is divided by w?
13
Let p be 2*2*(-1)/(-4). Let c be (-9)/(-12)*-4*p. Let z(s) = -s. What is the remainder when 7 is divided by z(c)?
1
Suppose j + 93 = p, j = -6*p + 4*p + 198. Calculate the remainder when p is divided by 49.
48
Let y = -62 + 175. Suppose -y = -2*l + l. Suppose -5*h - 28 = -l. What is the remainder when 49 is divided by h?
15
Suppose 0 = 4*l - 254 - 490. Suppose -h + l = h. Suppose -3*n + h = -0*n. What is the remainder when n is divided by 11?
9
Suppose 0*p + p - c - 28 = 0, -c = 4*p - 132. What is the remainder when p is divided by 7?
4
Suppose 4*i - 2 = 5*i. Let n(m) = -5*m - 1. Let f(z) = 26*z - 1. Calculate the remainder when f(1) is divided by n(i).
7
Let j be (-13 + 10)*(-178)/(-6). What is the remainder when (-18)/27 - j/3 is divided by 15?
14
Calculate the remainder when 39 is divided by 40/6*12/8.
9
Suppose -9 = -3*t, 5*m + 27 = t + 69. Suppose 41 + 23 = 4*j. Calculate the remainder when j is divided by m.
7
Let p = 55 + -14. Let j(a) be the second derivative of a**3/2 - 2*a**2 + 4*a. Calculate the remainder when p is divided by j(6).
13
Suppose -3*j = -0*j - 6. Suppose -3*b + 2 = -j*b. Suppose -b*s = -0*s - 4. Calculate the remainder when 4 is divided by s.
0
Let j = 9 - 2. What is the remainder when 24 is divided by j?
3
Let o = -53 + 73. What is the remainder when 37 is divided by o?
17
Let m(h) be the third derivative of -h**6/120 - h**4/24 - h**3/6 + 4*h**2. Let p = -3 + 5. Calculate the remainder when p is divided by m(-1).
0
Let g(p) = 6*p**2 - 7*p + 3. Let y(t) = -t**2 + t + 1. Let m(w) = g(w) + 4*y(w). Suppose -7 = 2*q - 49. Calculate the remainder when m(6) is divided by q.
19
Let t(g) = 5*g**2 + 5*g - g**3 + 2*g**3 + 1 + 3. Suppose 0 = -0*w + w + 3. Calculate the remainder when 19 is divided by t(w).
5
Let r = 50 + -1. What is the remainder when r is divided by 10?
9
Suppose 0 = 5*n - 5*d - 430, -5*n + 0*d = -4*d - 427. Calculate the remainder when n is divided by 21.
20
Calculate the remainder when -6 - (5 - 10) - 26/(-2) is divided by 5.
2
Let y(u) = -u**3 + u**2 + u + 2. What is the remainder when 2 is divided by y(0)?
0
What is the remainder when 106 is divided by (2/(-3))/(6/(-162))?
16
What is the remainder when 33 is divided by ((-2)/(-3))/((-4)/(-54))?
6
Let o = 72 + -129. Calculate the remainder when (o/(-6))/(3/6) is divided by 11.
8
Let g(v) = v**3 + 6*v**2 - 3*v + 3. Let t be (5/2)/(13/(-26)). Calculate the remainder when g(t) is divided by 11.
10
Let b(j) = -j**3 + j**2 - 2*j + 6. Calculate the remainder when b(-4) is divided by 14.
10
Suppose 74 = 3*k - 142. Let l = -11 + k. Suppose 0 = i - 5*o - 11, -4*i + 5*o + 95 = i. What is the remainder when l is divided by i?
19
Suppose -4*g + 3 = 3*b - 3, 5*b + 4*g - 18 = 0. Let q(u) = -6*u**2 - 1 + 8 - 6*u - 3 + u**3. Calculate the remainder when q(7) is divided by b.
5
Suppose -x = 4*u - 253, 4*u - 10*x + 9*x - 259 = 0. What is the remainder when u is divided by 13?
12
Let w be (-1)/(4/6)*-2. Let p(c) = 4*c**2 + c. Calculate the remainder when p(-2) is divided by 1/w - (-56)/12.
4
Suppose 3*w = -d + 27, 3*d = 3*w + 35 - 2. Calculate the remainder when 43 is divided by d.
13
Let f = 2 - -6. Let j(t) = -t**2 - 9*t - 8. Let x be j(-6). Suppose 0 = 2*l - x - f. Calculate the remainder when 17 is divided by l.
8
Let t be (0 - (2 + -4)) + -3. Let u = 27 + t. Suppose 4*m - 28 = -0*m. What is the remainder when u is divided by m?
5
Let p(c) = c + 2. Let y be (-6)/21 - 79/(-7). Let t = y - 4. Calculate the remainder when t is divided by p(2).
3
Let r(j) = -22*j**3 + 2*j**2 - 1. Let c(o) = -12*o**3 - o**2 + 1. Calculate the remainder when r(-1) is divided by c(-1).
11
Suppose 924 = 14*d - 10*d. What is the remainder when d is divided by 39?
36
Suppose 0 = -y + u + 50, -2*y - u + 109 = 0. Calculate the remainder when 102 is divided by y.
49
What is the remainder when (-4)/18 - 263/(-9) is divided by 8?
5
Suppose 8*z = 13*z - 20. Let c = z - -5. Calculate the remainder when 17 is divided by c.
8
Suppose 5*t - 60 = -4*j, -j + 3*j = -4*t + 24. What is the remainder when 119 is divided by j?
19
Suppose 85 = 3*n + 7. Calculate the remainder when 49 is divided by n.
23
Let z(d) = -d**2 + 17*d - 19. What is the remainder when 33 is divided by z(14)?
10
Suppose 0 = 4*r - 374 + 6. What is the remainder when r is divided by 26?
14
Let i(b) = -b**3 + 3*b**2 + 4*b + 5. Let m = -31 + 40. Calculate the remainder when m is divided by i(4).
4
Suppose -l - 2*l - 36 = 0. Let z(u) = u**3 + 13*u**2 + 12*u - 11. Let b be z(l). Let v(i) = i**2 + 11*i + 6. What is the remainder when 16 is divided by v(b)?
4
Let b(i) = -i**3 + 8*i**2 - 32*i + 150. Calculate the remainder when b(6) is divided by (1/1)/((-1)/(-16)).
14
Let r(p) be the first derivative of -p**2/2 + 14*p - 1. Let b = 1012 + -985. What is the remainder when b is divided by r(0)?
13
Let c(o) = -2*o + 20. What is the remainder when 22 is divided by c(7)?
4
Let k = -86 + 119. What is the remainder when 329 is divided by k?
32
Let v = -3 - -11. Let a(g) = 3*g**2 + 14*g + 1. Let y(x) = x**2 + x. Let q(z) = a(z) - 4*y(z). What is the remainder when 67 is divided by q(v)?
16
Suppose 5*x + 58 = 2*j + x, 0 = x + 1. What is the remainder when j is divided by 15?
12
Let h(n) = -11*n**3 + 2*n**2 + n. Calculate the remainder when 46 is divided by h(-1).
10
Suppose 3*g + 69 = 5*c, -3*g - 10 = -1. Let x = c - -6. Calculate the remainder when 71 is divided by x.
17
Suppose 4*c = -u + 3, 5*c - 3*u + u = 20. Let b = c + -1. Calculate the remainder when 1 is divided by b.
0
Let w be 4 + (4/(-2) - -2). Suppose 0 = 2*u + p - 4*p + 1, 0 = u - 3*p - w. Let o(i) = i**3 + 6*i**2 + 3*i - 6. What is the remainder when o(u) is divided by 2?
0
What is the remainder when 0 - 1/(2/(-30)) is divided by (-1)/(8 - (-231)/(-28))?
3
Suppose 4*s - 3*s - 33 = 0. Suppose 20 = m - g, 2*m - 2*g - s = -7*g. Suppose 0 = -2*v + 13 + 1. Calculate the remainder when m is divided by v.
5
Let i(m) be the first derivative of -m**2 - 2. Let l be i(2). What is the remainder when 14 is divided by 6 - (l + 6/3)?
6
Suppose -3*l - 149 + 44 = 0. Calculate the remainder when 38 is divided by 7/l + (-66)/(-5).
12
Let y = -53 + 79. What is the remainder when 75 is divided by y?
23
Let o = -17 + 54. Let c = -12 + o. Calculate the remainder when c is divided by 9.
7
Calculate the remainder when 46/2 + (3 - 6) is divided by 66/10 + 4/10.
6
Suppose -229 = -4*l + 31. Let n = 130 - l. Calculate the remainder when n is divided by 1/3 + 100/6.
14
Suppose 0 = 2*m + 3*m - 55. What is the remainder when m is divided by 4?
3
Let b(t) be the second derivative of -t**4/12 + 2*t**3/3 + t. Let s be b(4). Suppose n - 6*n + 55 = s. What is the remainder when 32 is divided by n?
10
Let i(g) = -41*g + 11. Let m be i(-5). Suppose -m = 4*v - 10*v. What is the remainder when v is divided by 20?
16
Let t = -18 + 20. Let c = 4 + -8. Let y = 6 + c. What is the remainder when y is divided by t?
0
Let g be 32/(-5) - (-4)/10. Let j(z